e factors of v?
2, 19, 463
Let l = -40375 - -58436. List the prime factors of l.
18061
Let d = 39168 - 13783. What are the prime factors of d?
5, 5077
Suppose 46311 = 5*g - 2*x, -24737 - 3056 = -3*g - 2*x. What are the prime factors of g?
59, 157
Let k = 1814 + -1222. Let w = -230 + 235. Suppose w*v - v = k. What are the prime factors of v?
2, 37
Let d = 50018 + -34988. What are the prime factors of d?
2, 3, 5, 167
Let z(s) = 38*s + 88. Let k be z(-7). Let c = 42 - k. What are the prime factors of c?
2, 5, 11
Suppose -24*i + 42 = -17*i. What are the prime factors of 1206*3/36*i?
3, 67
List the prime factors of (-15795)/260*-34*(-1 + 7).
3, 17
Suppose -11*l + 9*l = 5*b - 1898, -2*b + 947 = l. Let c = 1702 - l. What are the prime factors of c?
7, 109
Let t(q) = 7*q**2 - 10*q + 4. Let x(m) = -m + 1. Let w(j) = t(j) - 3*x(j). Suppose c - 2*a - 5 = -0*c, -3*a = -c + 5. What are the prime factors of w(c)?
3, 47
Suppose 1825 = -5*a + 10*a. Suppose 0 = -a*p + 362*p + 531. List the prime factors of p.
3, 59
List the prime factors of 80435/6 - ((-104)/48)/13.
2, 6703
Suppose i - y - 7 = -0*y, 0 = 3*i - 4*y - 26. Let j be 3/(i/(-2)) + (-18)/6. List the prime factors of (j/10)/(1/30*-1).
2, 3
Suppose f + 2*f = -18. Let v(t) = -11*t - 12. Let n be v(f). Let i = n + -34. List the prime factors of i.
2, 5
List the prime factors of -11 - (-13765 - 84/7).
2, 6883
Suppose -51*g - 236277 + 677988 = 0. List the prime factors of g.
3, 2887
Let d(h) be the second derivative of 19*h**4/12 - 3*h**3/2 - 11*h**2/2 - 50*h. What are the prime factors of d(-5)?
509
Let k(r) = 98*r**2 + 11*r + 43. Let t be k(-5). Suppose t - 19250 = -12*h. List the prime factors of h.
3, 467
Let m = 373 - 185. Let k = -55 + m. Suppose 5*p + 51 = j - 0*p, -5*p = 3*j - k. List the prime factors of j.
2, 23
Suppose t = 5*n - 41 + 788, 0 = 4*t + n - 2967. What are the prime factors of t?
2, 7, 53
Let z(n) = -2*n**3 + 114*n**2 + 18*n + 321. List the prime factors of z(54).
3, 6263
Suppose 0 = f + 4*z - 55, 5*f - 163 = f + 3*z. Suppose -f*q + 100 = -38*q. Let c = q - -86. List the prime factors of c.
2, 53
Let r(d) = 325*d + 6636. List the prime factors of r(41).
19961
Suppose -22*f = -10*f. Suppose f = -2*m + 2*y + 1432, -65*y = 5*m - 69*y - 3581. What are the prime factors of m?
3, 239
List the prime factors of (440/(-30))/((-7)/(-35)*(-10)/1212).
2, 11, 101
Suppose 8 = -18*t + 20*t. Suppose -t*r - y = -7, -5*r = -2*y + 4*y - 8. List the prime factors of r + 234 - (1 + 2 + -1).
2, 3, 13
List the prime factors of 3400 + ((-3)/63 + (-1)/(-3))*7.
2, 3, 7
Let j = -4555 - -4699. List the prime factors of j.
2, 3
Let w(h) = -h**2 + h + 15. Let r be w(0). Let g(v) = v**2 + 8*v + 17. Let d be g(-13). List the prime factors of (d/3)/(10/r).
41
Suppose -81*o + 68*o = 102*o - 113390. What are the prime factors of o?
2, 17, 29
Suppose 218361 = 28*q + 61085. List the prime factors of q.
41, 137
Let g(r) = -5*r - 30. Let k be g(-6). Let b be (1 - k)*(46 - 13). List the prime factors of (b + -7 + -5)*(-6)/(-7).
2, 3
List the prime factors of 117 + -120 + (-4966)/(-2).
2, 5, 31
Let j = 149 - 232. Let i = j - -103. Suppose -5*w + t + 4*t = -915, 5*t + i = 0. List the prime factors of w.
179
Suppose 21 = 4*v + 1. Let f = v + -3. List the prime factors of (-400)/(-18) + f/(-9).
2, 11
Let r be ((-3)/(2 + 4))/((-1)/4). What are the prime factors of ((-123)/r)/((-12)/120)?
3, 5, 41
Let c(n) = -n**3 - 40*n**2 - 59*n + 7. Let s = -68 + 29. List the prime factors of c(s).
787
List the prime factors of (-22)/(1371/(-171) + 10 + -2).
2, 3, 11, 19
Let o = 8249 - 2748. List the prime factors of o.
5501
Let l(w) = 3*w - 51. Let n(i) = -8*i + 2*i + 5*i. Let z(y) = -l(y) - 5*n(y). What are the prime factors of z(-10)?
31
Let q(u) = 2 - 11*u**2 + u + 0*u**2 + 2*u**2. Let s be q(-2). List the prime factors of s/24 + (-258)/(-4).
3, 7
Let b(r) = -5*r**2 + r - 13. Let p be b(9). Let v be (p + -3)/(-4) - -2. Suppose 33*g = 28*g + v. List the prime factors of g.
3, 7
Let a be (-12)/18*(-14 + 1 + -2). Suppose 0 = -a*i + 12 + 18. Suppose -c + 510 = 3*h - 190, h - 240 = i*c. What are the prime factors of h?
2, 3, 13
Suppose 42930 = 13*y + 4*y - 2*y. What are the prime factors of y?
2, 3, 53
Let v = 24 + -21. Suppose -212 - 178 = -v*s. Let o = s - 80. List the prime factors of o.
2, 5
What are the prime factors of (3*3362/(-4))/((-18)/(-120)*-2)?
5, 41
What are the prime factors of (35082322/1254)/(8/6 + -1)?
17, 4937
Let l(v) = v**2 - 22*v + 47. Let g(u) = -u + 3. Let i(d) = -4*g(d) + l(d). Let s be ((-63)/15)/(1/(-5)). List the prime factors of i(s).
2, 7
Suppose -3*a = -15, -i - 4*a - 25 = -a. Let l be 3 - (70/(-1) - 1). Let f = l + i. List the prime factors of f.
2, 17
Let n(u) = 6026*u**2 - 12*u + 13. List the prime factors of n(1).
3, 7, 41
Suppose -5*h = -7 + 2. Let s(p) = 153*p**3 - 2*p**2 - p + 2. Let n be s(h). Let b = n + -28. What are the prime factors of b?
2, 31
Let n = 30 + -98. Let w = 374 + n. Suppose -z + 3*x - 4*x + 159 = 0, 2*z - 4*x = w. List the prime factors of z.
157
Suppose 0 = -g + y + 5010, -41*g - 10020 = -43*g - 5*y. What are the prime factors of g?
2, 3, 5, 167
Let u(a) = -72 + a**3 + 72. Let h(d) = -3*d**3 + d**2 - 4*d - 4. Let b(k) = -h(k) - 6*u(k). What are the prime factors of b(-3)?
2
List the prime factors of 540/(-16)*((-78720)/18)/8.
2, 3, 5, 41
Let i = 14168 - 10956. List the prime factors of i.
2, 11, 73
Suppose -l + 6*l = -20, 0 = 4*n - 4*l - 26256. What are the prime factors of n?
2, 5, 41
Suppose 711 = 5*u - 2*d, -2*u - 4*d = -0*d - 294. Let a = u + -141. Suppose 113 = 4*o + 3*q, -79 = -2*o + a*q + q. List the prime factors of o.
2
Suppose -8350 - 6232 = 23*a. Let k = -118 - a. What are the prime factors of k?
2, 3, 43
Let t(k) be the second derivative of 0 + 3/2*k**3 - k - 9/2*k**2. What are the prime factors of t(6)?
3, 5
Let r(m) = m**2 + 34*m - 67. Suppose -t - 29 - 7 = 0. List the prime factors of r(t).
5
Let n(t) = 210*t - 4918. List the prime factors of n(108).
2, 83, 107
Suppose 23*t - 9*t - 151851 = 7*t. What are the prime factors of t?
3, 7, 1033
Suppose 0 = 2*z - 3*m - 8921, -m + 6068 - 23885 = -4*z. What are the prime factors of z?
61, 73
Let u = 196 + -191. Suppose 4*v = -5*z + 3*z + 956, u*z = 3*v - 743. List the prime factors of v.
241
Suppose q - q = 4*q. Let p(s) = s**3 - s**2 - 2*s + 4. Let b be p(q). Suppose -511 - 53 = -b*w. List the prime factors of w.
3, 47
Let v(q) = 2*q + 23. Let l be v(-13). Let o be (-130)/(-2 - -1) - l. Let n = o - 69. What are the prime factors of n?
2
Let l(s) = -12 + s**2 + s**2 + 0*s**2 - 17*s - 41. What are the prime factors of l(19)?
2, 173
Let m(v) be the first derivative of -v**3/3 + 3*v**2 - 2*v - 14. Let t be m(5). Suppose -t*x - q = 2*q - 81, 5*x - 145 = -3*q. What are the prime factors of x?
2
Let u be (1290/(-120))/((-1)/40). Let p = u - 218. List the prime factors of p.
2, 53
Let p(s) = 6*s**2 - 15*s + 34. Let y be p(-12). Suppose 0 = 2*z - y - 70. List the prime factors of z.
2, 7, 41
Suppose -5*d + 55721 = 13*m - 14*m, 5*m - 55745 = -5*d. List the prime factors of d.
3, 5, 743
Let z(s) = 259*s**2 - 312*s - 33. What are the prime factors of z(9)?
2, 3, 3023
Suppose 3*s - 1291 = 857. Let w = s - 259. What are the prime factors of w?
457
Let i(p) = -123 + 6*p**3 + 215*p**2 - 24*p - 7*p**3 - 222*p**2. List the prime factors of i(-9).
3, 5, 17
Suppose -d = z - 98, -2*d + z + z + 212 = 0. Let m = 115 - d. What are the prime factors of m?
13
Let v = 111 - 108. Suppose -j - 13 = -v*f - 2, -4*f - 3*j - 7 = 0. List the prime factors of f.
2
Suppose 2*k + 37 = -m + 9026, 0 = 4*k - 16. What are the prime factors of m?
7, 1283
Let g = 14917 + -10638. What are the prime factors of g?
11, 389
Let z(f) = -3*f**3 + 3*f + 6. Suppose 30 + 14 = -11*t. Let k be z(t). Let p = 278 - k. What are the prime factors of p?
2, 23
Let h be (-7192)/(-6)*(3 - (-6)/(-4)). Suppose -15*t + 2927 = -h. List the prime factors of t.
3, 5, 7
Let j be 4 - (4 - 7 - 7). Suppose -j*u + 309 = d - 11*u, -2*d = -5*u - 607. List the prime factors of d.
2, 3, 17
Let b = -27670 - -32217. List the prime factors of b.
4547
Let a(j) = -j**3 + 7*j**2 + 4*j - 6. Let k be a(8). Let d = k + 40. Suppose d*m + 3*f = 93, 3*f = 4*m + 2*f - 193. What are the prime factors of m?
2, 3
List t